{"id":3244,"date":"2023-01-12T10:09:35","date_gmt":"2023-01-12T15:09:35","guid":{"rendered":"https:\/\/manuartestore.com\/colombia\/?post_type=product&#038;p=3244"},"modified":"2026-03-03T21:17:05","modified_gmt":"2026-03-04T02:17:05","slug":"easy-soap-con-aceite-de-oliva","status":"publish","type":"product","link":"https:\/\/manuartestore.com\/colombia\/tienda\/easy-soap-con-aceite-de-oliva\/","title":{"rendered":"Easy Soap con Aceite de Oliva (Jab\u00f3n de Castilla)"},"content":{"rendered":"<p><span style=\"font-weight: 400;\">Base fabricada Con<\/span><b><i>\u00a05 % de Aceite de Oliva puro<\/i><\/b><span style=\"font-weight: 400;\">, esta fant\u00e1stica base es rica en betacaroteno, vitamina E y antioxidantes que ayudan a luchar contra el envejecimiento de la piel.\u00a0<\/span><i><span style=\"font-weight: 400;\">El aceite de oliva<\/span><\/i><span style=\"font-weight: 400;\">\u00a0es conocido por su capacidad de nutrientes e hidratantes que la piel y el cabello necesitan.<\/span><\/p>\n<p><span style=\"font-weight: 400;\">El hidroxitirosol, un antioxidante que se encuentra solo en el aceite de oliva, tiene efectos antiinflamatorios que ayudan a mejorar las abrasiones de la piel, los sarpullidos y hasta las quemaduras solares. Adem\u00e1s, no es grasoso y no tapa los poros, lo que ayuda a quienes tienen acn\u00e9.<\/span><\/p>\n<p><b>Propiedades:<\/b><\/p>\n<ul>\n<li style=\"font-weight: 400;\" aria-level=\"1\"><span style=\"font-weight: 400;\">Estimula la formaci\u00f3n de c\u00e9lulas.<\/span><\/li>\n<li style=\"font-weight: 400;\" aria-level=\"1\"><span style=\"font-weight: 400;\">Excelente hidratante natural.<\/span><\/li>\n<li style=\"font-weight: 400;\" aria-level=\"1\"><span style=\"font-weight: 400;\">Regenerante.<\/span><\/li>\n<li style=\"font-weight: 400;\" aria-level=\"1\"><span style=\"font-weight: 400;\">Suavizante.<\/span><\/li>\n<li style=\"font-weight: 400;\" aria-level=\"1\"><span style=\"font-weight: 400;\">Perfecto para pieles con problemas como eccemas, psoriasis o acn\u00e9.<\/span><\/li>\n<li style=\"font-weight: 400;\" aria-level=\"1\"><span style=\"font-weight: 400;\">Por sus propiedades nutritivas beneficia la elasticidad de la piel.<\/span><\/li>\n<li style=\"font-weight: 400;\" aria-level=\"1\"><span style=\"font-weight: 400;\">Rico en vitamina E, el aceite de oliva es un antioxidante natural, que previene la aparici\u00f3n de arrugas en la piel, evitando la descamaci\u00f3n de las zonas m\u00e1s secas.<\/span><\/li>\n<\/ul>\n<p><span style=\"font-weight: 400;\">S\u00f3lo agr\u00e9gale fragancia para crear barras de jab\u00f3n de Aceite de Oliva de la mejor calidad<\/span><\/p>\n<p><span style=\"font-weight: 400;\">\u00a1Producto fabricado en Colombia por Manuarte Colombia. Primero mi Pa\u00eds!<\/span><\/p>\n","protected":false},"excerpt":{"rendered":"<ul>\n<li>Claridad fant\u00e1stica.<br \/>\nExcelente formaci\u00f3n de espuma.<\/li>\n<li>Olor neutro que facilita la fijaci\u00f3n de fragancias.<\/li>\n<li>Estabilidad de color superior incluso si se mantiene a una temperatura elevada durante largos per\u00edodos.<\/li>\n<li>Alto contenido de glicerina.<\/li>\n<\/ul>\n<p>\u00a1\u00a1\u00a1Prueba EASY SOAP y te garantizamos resultados espectaculares!!!<\/p>\n<p>Porque la calidad es nuestra mejor garant\u00eda. Recuerda que lo barato sale caro, no expongas tu salud ni la de tus clientes.<\/p>\n<p>Producto fabricado en Colombia por Manuarte Colombia\u00a0 con la misma calidad de las importadas, pero mucho m\u00e1s econ\u00f3mica.<\/p>\n","protected":false},"featured_media":4331,"comment_status":"open","ping_status":"closed","template":"","meta":{"site-sidebar-layout":"default","site-content-layout":"default","ast-site-content-layout":"default","site-content-style":"default","site-sidebar-style":"default","ast-global-header-display":"","ast-banner-title-visibility":"","ast-main-header-display":"","ast-hfb-above-header-display":"","ast-hfb-below-header-display":"","ast-hfb-mobile-header-display":"","site-post-title":"","ast-breadcrumbs-content":"","ast-featured-img":"","footer-sml-layout":"","theme-transparent-header-meta":"default","adv-header-id-meta":"","stick-header-meta":"","header-above-stick-meta":"","header-main-stick-meta":"","header-below-stick-meta":"","astra-migrate-meta-layouts":"set","ast-page-background-enabled":"default","ast-page-background-meta":{"desktop":{"background-color":"","background-image":"","background-repeat":"repeat","background-position":"center center","background-size":"auto","background-attachment":"scroll","background-type":"","background-media":"","overlay-type":"","overlay-color":"","overlay-gradient":""},"tablet":{"background-color":"","background-image":"","background-repeat":"repeat","background-position":"center center","background-size":"auto","background-attachment":"scroll","background-type":"","background-media":"","overlay-type":"","overlay-color":"","overlay-gradient":""},"mobile":{"background-color":"","background-image":"","background-repeat":"repeat","background-position":"center center","background-size":"auto","background-attachment":"scroll","background-type":"","background-media":"","overlay-type":"","overlay-color":"","overlay-gradient":""}},"ast-content-background-meta":{"desktop":{"background-color":"var(--ast-global-color-5)","background-image":"","background-repeat":"repeat","background-position":"center center","background-size":"auto","background-attachment":"scroll","background-type":"","background-media":"","overlay-type":"","overlay-color":"","overlay-gradient":""},"tablet":{"background-color":"var(--ast-global-color-5)","background-image":"","background-repeat":"repeat","background-position":"center center","background-size":"auto","background-attachment":"scroll","background-type":"","background-media":"","overlay-type":"","overlay-color":"","overlay-gradient":""},"mobile":{"background-color":"var(--ast-global-color-5)","background-image":"","background-repeat":"repeat","background-position":"center center","background-size":"auto","background-attachment":"scroll","background-type":"","background-media":"","overlay-type":"","overlay-color":"","overlay-gradient":""}},"_joinchat":[]},"product_cat":[34],"product_tag":[],"yoast_head":"<!-- This site is optimized with the Yoast SEO plugin v22.1 - https:\/\/yoast.com\/wordpress\/plugins\/seo\/ -->\n<title>Easy Soap con Aceite de Oliva (Jab\u00f3n de Castilla) | Manuarte Colombia<\/title>\n<meta name=\"robots\" content=\"index, follow, max-snippet:-1, max-image-preview:large, max-video-preview:-1\" \/>\n<link rel=\"canonical\" href=\"https:\/\/manuartestore.com\/colombia\/tienda\/easy-soap-con-aceite-de-oliva\/\" \/>\n<meta property=\"og:locale\" content=\"es_ES\" \/>\n<meta property=\"og:type\" content=\"article\" \/>\n<meta property=\"og:title\" content=\"Easy Soap con Aceite de Oliva (Jab\u00f3n de Castilla) | Manuarte Colombia\" \/>\n<meta property=\"og:description\" content=\"Claridad fant\u00e1stica. Excelente formaci\u00f3n de espuma.  Olor neutro que facilita la fijaci\u00f3n de fragancias.  Estabilidad de color superior incluso si se mantiene a una temperatura elevada durante largos per\u00edodos.  Alto contenido de glicerina.  \u00a1\u00a1\u00a1Prueba EASY SOAP y te garantizamos resultados espectaculares!!!  Porque la calidad es nuestra mejor garant\u00eda. Recuerda que lo barato sale caro, no expongas tu salud ni la de tus clientes.  Producto fabricado en Colombia por Manuarte Colombia\u00a0 con la misma calidad de las importadas, pero mucho m\u00e1s econ\u00f3mica.\" \/>\n<meta property=\"og:url\" content=\"https:\/\/manuartestore.com\/colombia\/tienda\/easy-soap-con-aceite-de-oliva\/\" \/>\n<meta property=\"og:site_name\" content=\"Manuarte Colombia\" \/>\n<meta property=\"article:publisher\" content=\"https:\/\/web.facebook.com\/manuartecolombiasas\/?ref=pages_you_manage\" \/>\n<meta property=\"article:modified_time\" content=\"2026-03-04T02:17:05+00:00\" \/>\n<meta property=\"og:image\" content=\"https:\/\/manuartestore.com\/colombia\/wp-content\/uploads\/2023\/01\/Easy-Ac-de-Oliva.png\" \/>\n\t<meta property=\"og:image:width\" content=\"1080\" \/>\n\t<meta property=\"og:image:height\" content=\"1080\" \/>\n\t<meta property=\"og:image:type\" content=\"image\/png\" \/>\n<meta name=\"twitter:card\" content=\"summary_large_image\" \/>\n<meta name=\"twitter:label1\" content=\"Tiempo de lectura\" \/>\n\t<meta name=\"twitter:data1\" content=\"1 minuto\" \/>\n<script type=\"application\/ld+json\" class=\"yoast-schema-graph\">{\"@context\":\"https:\/\/schema.org\",\"@graph\":[{\"@type\":\"WebPage\",\"@id\":\"https:\/\/manuartestore.com\/colombia\/tienda\/easy-soap-con-aceite-de-oliva\/\",\"url\":\"https:\/\/manuartestore.com\/colombia\/tienda\/easy-soap-con-aceite-de-oliva\/\",\"name\":\"Easy Soap con Aceite de Oliva (Jab\u00f3n de Castilla) | Manuarte Colombia\",\"isPartOf\":{\"@id\":\"https:\/\/manuartestore.com\/colombia\/#website\"},\"datePublished\":\"2023-01-12T15:09:35+00:00\",\"dateModified\":\"2026-03-04T02:17:05+00:00\",\"breadcrumb\":{\"@id\":\"https:\/\/manuartestore.com\/colombia\/tienda\/easy-soap-con-aceite-de-oliva\/#breadcrumb\"},\"inLanguage\":\"es\",\"potentialAction\":[{\"@type\":\"ReadAction\",\"target\":[\"https:\/\/manuartestore.com\/colombia\/tienda\/easy-soap-con-aceite-de-oliva\/\"]}]},{\"@type\":\"BreadcrumbList\",\"@id\":\"https:\/\/manuartestore.com\/colombia\/tienda\/easy-soap-con-aceite-de-oliva\/#breadcrumb\",\"itemListElement\":[{\"@type\":\"ListItem\",\"position\":1,\"name\":\"Portada\",\"item\":\"https:\/\/manuartestore.com\/colombia\/\"},{\"@type\":\"ListItem\",\"position\":2,\"name\":\"Tienda\",\"item\":\"https:\/\/manuartestore.com\/colombia\/tienda\/\"},{\"@type\":\"ListItem\",\"position\":3,\"name\":\"Easy Soap con Aceite de Oliva (Jab\u00f3n de Castilla)\"}]},{\"@type\":\"WebSite\",\"@id\":\"https:\/\/manuartestore.com\/colombia\/#website\",\"url\":\"https:\/\/manuartestore.com\/colombia\/\",\"name\":\"Manuarte Colombia\",\"description\":\"Todo para hacer Jabones, Velas &amp;  Productos de Cuidado Personal\",\"publisher\":{\"@id\":\"https:\/\/manuartestore.com\/colombia\/#organization\"},\"potentialAction\":[{\"@type\":\"SearchAction\",\"target\":{\"@type\":\"EntryPoint\",\"urlTemplate\":\"https:\/\/manuartestore.com\/colombia\/?s={search_term_string}\"},\"query-input\":\"required name=search_term_string\"}],\"inLanguage\":\"es\"},{\"@type\":\"Organization\",\"@id\":\"https:\/\/manuartestore.com\/colombia\/#organization\",\"name\":\"Manuarte Store Colombia\",\"url\":\"https:\/\/manuartestore.com\/colombia\/\",\"logo\":{\"@type\":\"ImageObject\",\"inLanguage\":\"es\",\"@id\":\"https:\/\/manuartestore.com\/colombia\/#\/schema\/logo\/image\/\",\"url\":\"https:\/\/manuartestore.com\/colombia\/wp-content\/uploads\/2021\/11\/logo-gde-1.png\",\"contentUrl\":\"https:\/\/manuartestore.com\/colombia\/wp-content\/uploads\/2021\/11\/logo-gde-1.png\",\"width\":2012,\"height\":1377,\"caption\":\"Manuarte Store Colombia\"},\"image\":{\"@id\":\"https:\/\/manuartestore.com\/colombia\/#\/schema\/logo\/image\/\"},\"sameAs\":[\"https:\/\/web.facebook.com\/manuartecolombiasas\/?ref=pages_you_manage\",\"https:\/\/www.instagram.com\/manuartecolombia\/?hl=es\"]}]}<\/script>\n<!-- \/ Yoast SEO plugin. -->","yoast_head_json":{"title":"Easy Soap con Aceite de Oliva (Jab\u00f3n de Castilla) | Manuarte Colombia","robots":{"index":"index","follow":"follow","max-snippet":"max-snippet:-1","max-image-preview":"max-image-preview:large","max-video-preview":"max-video-preview:-1"},"canonical":"https:\/\/manuartestore.com\/colombia\/tienda\/easy-soap-con-aceite-de-oliva\/","og_locale":"es_ES","og_type":"article","og_title":"Easy Soap con Aceite de Oliva (Jab\u00f3n de Castilla) | Manuarte Colombia","og_description":"Claridad fant\u00e1stica. Excelente formaci\u00f3n de espuma.  Olor neutro que facilita la fijaci\u00f3n de fragancias.  Estabilidad de color superior incluso si se mantiene a una temperatura elevada durante largos per\u00edodos.  Alto contenido de glicerina.  \u00a1\u00a1\u00a1Prueba EASY SOAP y te garantizamos resultados espectaculares!!!  Porque la calidad es nuestra mejor garant\u00eda. Recuerda que lo barato sale caro, no expongas tu salud ni la de tus clientes.  Producto fabricado en Colombia por Manuarte Colombia\u00a0 con la misma calidad de las importadas, pero mucho m\u00e1s econ\u00f3mica.","og_url":"https:\/\/manuartestore.com\/colombia\/tienda\/easy-soap-con-aceite-de-oliva\/","og_site_name":"Manuarte Colombia","article_publisher":"https:\/\/web.facebook.com\/manuartecolombiasas\/?ref=pages_you_manage","article_modified_time":"2026-03-04T02:17:05+00:00","og_image":[{"width":1080,"height":1080,"url":"https:\/\/manuartestore.com\/colombia\/wp-content\/uploads\/2023\/01\/Easy-Ac-de-Oliva.png","type":"image\/png"}],"twitter_card":"summary_large_image","twitter_misc":{"Tiempo de lectura":"1 minuto"},"schema":{"@context":"https:\/\/schema.org","@graph":[{"@type":"WebPage","@id":"https:\/\/manuartestore.com\/colombia\/tienda\/easy-soap-con-aceite-de-oliva\/","url":"https:\/\/manuartestore.com\/colombia\/tienda\/easy-soap-con-aceite-de-oliva\/","name":"Easy Soap con Aceite de Oliva (Jab\u00f3n de Castilla) | Manuarte Colombia","isPartOf":{"@id":"https:\/\/manuartestore.com\/colombia\/#website"},"datePublished":"2023-01-12T15:09:35+00:00","dateModified":"2026-03-04T02:17:05+00:00","breadcrumb":{"@id":"https:\/\/manuartestore.com\/colombia\/tienda\/easy-soap-con-aceite-de-oliva\/#breadcrumb"},"inLanguage":"es","potentialAction":[{"@type":"ReadAction","target":["https:\/\/manuartestore.com\/colombia\/tienda\/easy-soap-con-aceite-de-oliva\/"]}]},{"@type":"BreadcrumbList","@id":"https:\/\/manuartestore.com\/colombia\/tienda\/easy-soap-con-aceite-de-oliva\/#breadcrumb","itemListElement":[{"@type":"ListItem","position":1,"name":"Portada","item":"https:\/\/manuartestore.com\/colombia\/"},{"@type":"ListItem","position":2,"name":"Tienda","item":"https:\/\/manuartestore.com\/colombia\/tienda\/"},{"@type":"ListItem","position":3,"name":"Easy Soap con Aceite de Oliva (Jab\u00f3n de Castilla)"}]},{"@type":"WebSite","@id":"https:\/\/manuartestore.com\/colombia\/#website","url":"https:\/\/manuartestore.com\/colombia\/","name":"Manuarte Colombia","description":"Todo para hacer Jabones, Velas &amp;  Productos de Cuidado Personal","publisher":{"@id":"https:\/\/manuartestore.com\/colombia\/#organization"},"potentialAction":[{"@type":"SearchAction","target":{"@type":"EntryPoint","urlTemplate":"https:\/\/manuartestore.com\/colombia\/?s={search_term_string}"},"query-input":"required name=search_term_string"}],"inLanguage":"es"},{"@type":"Organization","@id":"https:\/\/manuartestore.com\/colombia\/#organization","name":"Manuarte Store Colombia","url":"https:\/\/manuartestore.com\/colombia\/","logo":{"@type":"ImageObject","inLanguage":"es","@id":"https:\/\/manuartestore.com\/colombia\/#\/schema\/logo\/image\/","url":"https:\/\/manuartestore.com\/colombia\/wp-content\/uploads\/2021\/11\/logo-gde-1.png","contentUrl":"https:\/\/manuartestore.com\/colombia\/wp-content\/uploads\/2021\/11\/logo-gde-1.png","width":2012,"height":1377,"caption":"Manuarte Store Colombia"},"image":{"@id":"https:\/\/manuartestore.com\/colombia\/#\/schema\/logo\/image\/"},"sameAs":["https:\/\/web.facebook.com\/manuartecolombiasas\/?ref=pages_you_manage","https:\/\/www.instagram.com\/manuartecolombia\/?hl=es"]}]}},"_links":{"self":[{"href":"https:\/\/manuartestore.com\/colombia\/wp-json\/wp\/v2\/product\/3244"}],"collection":[{"href":"https:\/\/manuartestore.com\/colombia\/wp-json\/wp\/v2\/product"}],"about":[{"href":"https:\/\/manuartestore.com\/colombia\/wp-json\/wp\/v2\/types\/product"}],"replies":[{"embeddable":true,"href":"https:\/\/manuartestore.com\/colombia\/wp-json\/wp\/v2\/comments?post=3244"}],"wp:featuredmedia":[{"embeddable":true,"href":"https:\/\/manuartestore.com\/colombia\/wp-json\/wp\/v2\/media\/4331"}],"wp:attachment":[{"href":"https:\/\/manuartestore.com\/colombia\/wp-json\/wp\/v2\/media?parent=3244"}],"wp:term":[{"taxonomy":"product_cat","embeddable":true,"href":"https:\/\/manuartestore.com\/colombia\/wp-json\/wp\/v2\/product_cat?post=3244"},{"taxonomy":"product_tag","embeddable":true,"href":"https:\/\/manuartestore.com\/colombia\/wp-json\/wp\/v2\/product_tag?post=3244"}],"curies":[{"name":"wp","href":"https:\/\/api.w.org\/{rel}","templated":true}]}}